{"id":11,"date":"2020-02-21T09:53:33","date_gmt":"2020-02-21T08:53:33","guid":{"rendered":"https:\/\/www.tennisgrassano.eu\/?page_id=11"},"modified":"2025-08-11T19:02:39","modified_gmt":"2025-08-11T17:02:39","slug":"home","status":"publish","type":"page","link":"https:\/\/www.tennisgrassano.eu\/","title":{"rendered":"Home"},"content":{"rendered":"<p>[et_pb_section fb_built=&#8221;1&#8243; admin_label=&#8221;Header&#8221; _builder_version=&#8221;4.27.4&#8243; _module_preset=&#8221;default&#8221; custom_padding=&#8221;0px||0px||true|false&#8221; locked=&#8221;off&#8221; collapsed=&#8221;on&#8221; global_colors_info=&#8221;{}&#8221;][et_pb_row column_structure=&#8221;1_2,1_2&#8243; use_custom_gutter=&#8221;on&#8221; gutter_width=&#8221;1&#8243; make_equal=&#8221;on&#8221; _builder_version=&#8221;4.27.4&#8243; _module_preset=&#8221;default&#8221; background_color=&#8221;#3e9100&#8243; background_enable_pattern_style=&#8221;on&#8221; background_pattern_style=&#8221;honeycomb&#8221; background_pattern_color=&#8221;rgba(255,255,255,0.06)&#8221; width=&#8221;100%&#8221; max_width=&#8221;100%&#8221; custom_padding=&#8221;0px||0px||true|false&#8221; global_colors_info=&#8221;{}&#8221;][et_pb_column type=&#8221;1_2&#8243; _builder_version=&#8221;4.27.4&#8243; _module_preset=&#8221;default&#8221; custom_padding=&#8221;10%|4%|10%|8%|true|false&#8221; global_colors_info=&#8221;{}&#8221;][et_pb_text _builder_version=&#8221;4.27.4&#8243; _module_preset=&#8221;e6504a1b-67eb-4b3d-b023-bcab277610b6&#8243; header_4_font=&#8221;Ubuntu|700||on|||||&#8221; header_4_text_color=&#8221;#EDF000&#8243; header_4_font_size=&#8221;14px&#8221; header_4_line_height=&#8221;1.5em&#8221; custom_margin=&#8221;||0px||false|false&#8221; global_colors_info=&#8221;{}&#8221;]<\/p>\n<h4>Novita&#8217; a telese terme!<\/h4>\n<p>[\/et_pb_text][et_pb_text _builder_version=&#8221;4.27.4&#8243; _module_preset=&#8221;c16985e1-e0d6-4022-964d-e2bfc04fa633&#8243; header_font=&#8221;Playfair Display|700|||||||&#8221; header_text_color=&#8221;#FFFFFF&#8221; header_font_size=&#8221;75px&#8221; header_line_height=&#8221;1.1em&#8221; custom_margin=&#8221;||30px||false|false&#8221; header_font_size_tablet=&#8221;40px&#8221; header_font_size_phone=&#8221;24px&#8221; header_font_size_last_edited=&#8221;on|desktop&#8221; global_colors_info=&#8221;{}&#8221;]<\/p>\n<h1>Il Circolo Tennis Grassano<\/h1>\n<p>[\/et_pb_text][et_pb_text _builder_version=&#8221;4.27.4&#8243; _module_preset=&#8221;1f09816e-184e-4ce5-a4cf-b39c52c423ca&#8221; text_font=&#8221;Nanum Gothic|||||on|||&#8221; text_text_color=&#8221;#FFFFFF&#8221; text_font_size=&#8221;32px&#8221; text_line_height=&#8221;1.8em&#8221; custom_margin=&#8221;-21px||30px||false|false&#8221; text_font_size_tablet=&#8221;15px&#8221; text_font_size_phone=&#8221;14px&#8221; text_font_size_last_edited=&#8221;on|phone&#8221; header_font_size_tablet=&#8221;55px&#8221; header_font_size_last_edited=&#8221;off|desktop&#8221; global_colors_info=&#8221;{}&#8221;]<\/p>\n<p>Apre le porte alla nuova struttura!<\/p>\n<p>[\/et_pb_text][et_pb_text _builder_version=&#8221;4.27.4&#8243; _module_preset=&#8221;default&#8221; hover_enabled=&#8221;0&#8243; global_colors_info=&#8221;{}&#8221; sticky_enabled=&#8221;0&#8243;]<\/p>\n<p><span style=\"color: #ffffff;\">Ci trovi in Via Bagni Vecchi.<br \/>Scarica l\u2019APP ufficiale per prenotare il campo da tennis in modo semplice e veloce!<\/span><br \/><span style=\"color: #ffffff;\">\ud83d\udc49 Prenotazioni attive da Sabato 5 Luglio<\/span><br \/><span style=\"color: #ffffff;\">\ud83d\udc49 Tariffe promo per tutta l\u2019estate!<\/span><br \/><span style=\"color: #ffffff;\">\ud83c\udfdf\ufe0f Campo completamente rinnovato<\/span><br \/><span style=\"color: #ffffff;\">\ud83e\udd64 Distributori di bevande e snack<\/span><br \/><span style=\"color: #ffffff;\">\ud83d\udebf Docce e servizi igienici per uomini e donne<\/span><br \/><span style=\"color: #ffffff;\">\u2705 Scarica subito l\u2019app e prenota la tua partita!<\/span><br \/><span style=\"color: #ffffff;\">\ud83d\udcde Per info: 338 25876450<br \/><strong><a href=\"https:\/\/play.google.com\/store\/apps\/details?id=com.wansport.community\" style=\"color: #ffffff;\"><img decoding=\"async\" src=\"https:\/\/www.tennisgrassano.eu\/wp-content\/themes\/Divi\/includes\/builder\/frontend-builder\/assets\/vendors\/plugins\/emoticons\/img\/smiley-wink.gif\" alt=\"wink\" \/> Clicca qui per scaricare l&#8217;app<\/a>!<\/strong><\/span><\/p>\n<p><strong> <\/strong><\/p>\n<p><strong><a href=\"https:\/\/ctgrassano.wansport.com\/\" style=\"color: #ffffff;\"><img decoding=\"async\" src=\"https:\/\/www.tennisgrassano.eu\/wp-content\/themes\/Divi\/includes\/builder\/frontend-builder\/assets\/vendors\/plugins\/emoticons\/img\/smiley-wink.gif\" alt=\"wink\" \/> Clicca qui per aprire il link!<\/a><br \/><\/strong><\/p>\n<p><span style=\"color: #ffffff;\">Il tennis a Telese non \u00e8 mai stato cos\u00ec facile. Ti aspettiamo in campo<\/span><\/p>\n<p>[\/et_pb_text][\/et_pb_column][et_pb_column type=&#8221;1_2&#8243; _builder_version=&#8221;4.27.4&#8243; _module_preset=&#8221;default&#8221; background_enable_image=&#8221;off&#8221; parallax=&#8221;on&#8221; global_colors_info=&#8221;{}&#8221;][et_pb_divider show_divider=&#8221;off&#8221; _builder_version=&#8221;4.18.0&#8243; _module_preset=&#8221;default&#8221; height_tablet=&#8221;40vw&#8221; height_phone=&#8221;40vw&#8221; height_last_edited=&#8221;on|desktop&#8221; global_colors_info=&#8221;{}&#8221;][\/et_pb_divider][et_pb_image src=&#8221;https:\/\/www.tennisgrassano.eu\/wp-content\/uploads\/2025\/07\/515543272_1353131456819455_5771269997533111499_n.jpg&#8221; title_text=&#8221;515543272_1353131456819455_5771269997533111499_n&#8221; _builder_version=&#8221;4.27.4&#8243; _module_preset=&#8221;default&#8221; custom_margin=&#8221;57px|||||&#8221; custom_padding=&#8221;||56px|||&#8221; global_colors_info=&#8221;{}&#8221;][\/et_pb_image][\/et_pb_column][\/et_pb_row][\/et_pb_section][et_pb_section fb_built=&#8221;1&#8243; admin_label=&#8221;About&#8221; _builder_version=&#8221;4.27.4&#8243; _module_preset=&#8221;default&#8221; custom_padding=&#8221;0px||0px||true|false&#8221; locked=&#8221;off&#8221; collapsed=&#8221;on&#8221; global_colors_info=&#8221;{}&#8221;][et_pb_row column_structure=&#8221;1_2,1_2&#8243; use_custom_gutter=&#8221;on&#8221; gutter_width=&#8221;1&#8243; make_equal=&#8221;on&#8221; _builder_version=&#8221;4.27.4&#8243; _module_preset=&#8221;default&#8221; width=&#8221;100%&#8221; max_width=&#8221;100%&#8221; custom_padding=&#8221;0px||0px||true|false&#8221; global_colors_info=&#8221;{}&#8221;][et_pb_column type=&#8221;1_2&#8243; _builder_version=&#8221;4.27.4&#8243; _module_preset=&#8221;default&#8221; background_enable_image=&#8221;off&#8221; background_position=&#8221;top_center&#8221; global_colors_info=&#8221;{}&#8221;][et_pb_image title_text=&#8221;515514126_1353131460152788_2351375045189637539_n&#8221; _builder_version=&#8221;4.27.4&#8243; _module_preset=&#8221;default&#8221; transform_scale=&#8221;25%|25%&#8221; transform_translate=&#8221;-2px|-1522px&#8221; transform_translate_linked=&#8221;off&#8221; transform_rotate=&#8221;0deg|0deg|359deg&#8221; global_colors_info=&#8221;{}&#8221;][\/et_pb_image][et_pb_image src=&#8221;https:\/\/www.tennisgrassano.eu\/wp-content\/uploads\/2025\/07\/VIA-ALLE-ISCRIZIONI-PER-I-CORSI-DLA-NUOVA-ST.jpg&#8221; title_text=&#8221;VIA ALLE ISCRIZIONI PER I CORSI DLA NUOVA ST&#8221; _builder_version=&#8221;4.27.4&#8243; _module_preset=&#8221;default&#8221; custom_margin=&#8221;91px|||||&#8221; global_colors_info=&#8221;{}&#8221;][\/et_pb_image][\/et_pb_column][et_pb_column type=&#8221;1_2&#8243; _builder_version=&#8221;4.18.0&#8243; _module_preset=&#8221;default&#8221; custom_padding=&#8221;8%|10%|8%|10%|true|true&#8221; global_colors_info=&#8221;{}&#8221;][et_pb_text _builder_version=&#8221;4.27.4&#8243; _module_preset=&#8221;e6504a1b-67eb-4b3d-b023-bcab277610b6&#8243; header_4_font=&#8221;Ubuntu|700||on|||||&#8221; header_4_text_color=&#8221;#edf000&#8243; header_4_font_size=&#8221;14px&#8221; header_4_line_height=&#8221;1.5em&#8221; custom_margin=&#8221;||0px||false|false&#8221; global_colors_info=&#8221;{}&#8221;]<\/p>\n<h4>Novit\u00e0 anche nei corsi!<\/h4>\n<p>[\/et_pb_text][et_pb_text _builder_version=&#8221;4.27.4&#8243; _module_preset=&#8221;b327cbe4-b1d5-4b66-ad37-40c8f2f061ba&#8221; header_2_font=&#8221;Playfair Display|700|||||||&#8221; header_2_text_color=&#8221;#000000&#8243; header_2_font_size=&#8221;45px&#8221; header_2_line_height=&#8221;1.35em&#8221; custom_margin=&#8221;||30px||false|false&#8221; header_2_font_size_tablet=&#8221;32px&#8221; header_2_font_size_phone=&#8221;20px&#8221; header_2_font_size_last_edited=&#8221;on|desktop&#8221; global_colors_info=&#8221;{}&#8221;]<\/p>\n<h2><span>Corsi, Doposcuola &amp; Intrattenimento Extra<\/span><\/h2>\n<p>[\/et_pb_text][et_pb_text _builder_version=&#8221;4.27.4&#8243; _module_preset=&#8221;1f09816e-184e-4ce5-a4cf-b39c52c423ca&#8221; text_font=&#8221;Nanum Gothic||||||||&#8221; text_font_size=&#8221;16px&#8221; text_line_height=&#8221;1.8em&#8221; custom_margin=&#8221;||30px||false|false&#8221; text_font_size_tablet=&#8221;15px&#8221; text_font_size_phone=&#8221;14px&#8221; text_font_size_last_edited=&#8221;on|phone&#8221; header_font_size_tablet=&#8221;55px&#8221; header_font_size_last_edited=&#8221;off|desktop&#8221; global_colors_info=&#8221;{}&#8221;]<\/p>\n<p><span>Doposcuola assistito dopo i corsi pomeridiani: un tutor seguir\u00e0 i pi\u00f9 piccoli con compiti, attivit\u00e0 ludiche e supporto allo studio<\/span><\/p>\n<p><span>Anche oltre l\u2019orario corsi:<\/span><br \/><span>* Laboratori creativi e giochi di squadra sul campo, sotto la supervisione degli istruttori<\/span><br \/><span>* Fitness leggero e stretching per promuovere benessere e socializzazione<\/span><\/p>\n<p><span>\u00a0<\/span><\/p>\n<p><span>\ud83e\udde9 Perch\u00e9 Iscriversi?<\/span><\/p>\n<p><span>Pacchetti combinati: tennis + doposcuola + intrattenimento tutto incluso<\/span><\/p>\n<p><span>Voucher Sportivi: possibilit\u00e0 di usufruire dei Voucher\u00a0 per l\u2019accesso gratuito all\u2019attivit\u00e0 sportiva, annualit\u00e0 2025-2026<\/span><\/p>\n<p><span>Sicurezza garantita: superfici sicure e staff qualificato<\/span><\/p>\n<p><span>Ambiente ricreativo e positivo, per imparare divertendo<\/span><\/p>\n<p>[\/et_pb_text][et_pb_button button_url=&#8221;@ET-DC@eyJkeW5hbWljIjp0cnVlLCJjb250ZW50IjoicG9zdF9saW5rX3VybF9wYWdlIiwic2V0dGluZ3MiOnsicG9zdF9pZCI6IjE4MDgifX0=@&#8221; button_text=&#8221;Leggi di pi\u00f9&#8221; _builder_version=&#8221;4.27.4&#8243; _dynamic_attributes=&#8221;button_url&#8221; _module_preset=&#8221;3117bc07-6a8a-4679-b3bb-b6ed74b48a2f&#8221; custom_button=&#8221;on&#8221; button_text_size=&#8221;14px&#8221; button_text_color=&#8221;#7090AE&#8221; button_bg_color=&#8221;#E6EEF2&#8243; button_border_width=&#8221;0px&#8221; button_border_radius=&#8221;0px&#8221; button_font=&#8221;Ubuntu|700||on|||||&#8221; custom_margin=&#8221;-14px|||||&#8221; custom_padding=&#8221;16px|24px|16px|24px|true|true&#8221; global_colors_info=&#8221;{}&#8221;][\/et_pb_button][\/et_pb_column][\/et_pb_row][\/et_pb_section]<\/p>\n","protected":false},"excerpt":{"rendered":"<p>Novita&#8217; a telese terme!Il Circolo Tennis GrassanoApre le porte alla nuova struttura!Ci trovi in Via Bagni Vecchi.Scarica l\u2019APP ufficiale per prenotare il campo da tennis in modo semplice e veloce!\ud83d\udc49 Prenotazioni attive da Sabato 5 Luglio\ud83d\udc49 Tariffe promo per tutta l\u2019estate!\ud83c\udfdf\ufe0f Campo completamente rinnovato\ud83e\udd64 Distributori di bevande e snack\ud83d\udebf Docce e servizi igienici per uomini [&hellip;]<\/p>\n","protected":false},"author":1,"featured_media":0,"parent":0,"menu_order":0,"comment_status":"closed","ping_status":"closed","template":"","meta":{"_et_pb_use_builder":"on","_et_pb_old_content":"","_et_gb_content_width":"","footnotes":""},"_links":{"self":[{"href":"https:\/\/www.tennisgrassano.eu\/index.php\/wp-json\/wp\/v2\/pages\/11"}],"collection":[{"href":"https:\/\/www.tennisgrassano.eu\/index.php\/wp-json\/wp\/v2\/pages"}],"about":[{"href":"https:\/\/www.tennisgrassano.eu\/index.php\/wp-json\/wp\/v2\/types\/page"}],"author":[{"embeddable":true,"href":"https:\/\/www.tennisgrassano.eu\/index.php\/wp-json\/wp\/v2\/users\/1"}],"replies":[{"embeddable":true,"href":"https:\/\/www.tennisgrassano.eu\/index.php\/wp-json\/wp\/v2\/comments?post=11"}],"version-history":[{"count":64,"href":"https:\/\/www.tennisgrassano.eu\/index.php\/wp-json\/wp\/v2\/pages\/11\/revisions"}],"predecessor-version":[{"id":1887,"href":"https:\/\/www.tennisgrassano.eu\/index.php\/wp-json\/wp\/v2\/pages\/11\/revisions\/1887"}],"wp:attachment":[{"href":"https:\/\/www.tennisgrassano.eu\/index.php\/wp-json\/wp\/v2\/media?parent=11"}],"curies":[{"name":"wp","href":"https:\/\/api.w.org\/{rel}","templated":true}]}}